{"id":15,"date":"2015-04-27T15:40:53","date_gmt":"2015-04-27T17:40:53","guid":{"rendered":"http:\/\/eatatlantique.fr\/?page_id=15"},"modified":"2015-08-28T08:56:50","modified_gmt":"2015-08-28T10:56:50","slug":"cabaret-du-futur","status":"publish","type":"page","link":"https:\/\/eatatlantique.fr\/?page_id=15","title":{"rendered":"Cabaret du futur"},"content":{"rendered":"<p style=\"text-align: center;\"><strong><a href=\"https:\/\/eatatlantique.fr\/wp-content\/uploads\/2015\/04\/2\u00a9Florence-Chambournier.jpg\"><img loading=\"lazy\" decoding=\"async\" class=\" size-medium wp-image-379 aligncenter\" src=\"https:\/\/eatatlantique.fr\/wp-content\/uploads\/2015\/04\/2\u00a9Florence-Chambournier-300x169.jpg\" alt=\"2\u00a9Florence Chambournier\" width=\"300\" height=\"169\" srcset=\"https:\/\/eatatlantique.fr\/wp-content\/uploads\/2015\/04\/2\u00a9Florence-Chambournier-300x169.jpg 300w, https:\/\/eatatlantique.fr\/wp-content\/uploads\/2015\/04\/2\u00a9Florence-Chambournier-644x363.jpg 644w, https:\/\/eatatlantique.fr\/wp-content\/uploads\/2015\/04\/2\u00a9Florence-Chambournier-1260x711.jpg 1260w, https:\/\/eatatlantique.fr\/wp-content\/uploads\/2015\/04\/2\u00a9Florence-Chambournier.jpg 1280w\" sizes=\"auto, (max-width: 300px) 100vw, 300px\" \/><\/a><\/strong><span style=\"color: #800000;\"><span style=\"font-size: medium;\"><span style=\"color: #444444;\"><span style=\"font-family: Tahoma,sans-serif;\"><span style=\"font-size: xx-small;\">\u00a9 FLORENCE CHAMBOURNIER<\/span><\/span><\/span><\/span><\/span><\/p>\n<h5 style=\"text-align: center;\"><strong><em>Color Gang \u00e9dition, septembre 2015<\/em><\/strong><\/h5>\n<h4 style=\"text-align: center;\"><strong>21 auteurs de th\u00e9\u00e2tre sur la plan\u00e8te SF<\/strong><\/h4>\n<h6 style=\"text-align: center;\"><em>Projet port\u00e9 &amp; coordonn\u00e9 par Sylvain Renard<\/em><\/h6>\n<h6 style=\"text-align: center;\"><em>Pr\u00e9face de Patrick Gyger<\/em><\/h6>\n<h6 style=\"text-align: center;\"><em>avec le soutien des EAT Atlantique<\/em><\/h6>\n<p align=\"JUSTIFY\"><span style=\"color: #800000;\"><span style=\"font-size: medium;\"><strong><span style=\"color: #444444;\"><span style=\"font-family: Lato,Helvetica Neue,Helvetica,sans-serif;\"><span style=\"font-size: small;\">21 nouvelles th\u00e9\u00e2trales<\/span><\/span><\/span><\/strong><span style=\"color: #444444;\"><span style=\"font-family: Lato,Helvetica Neue,Helvetica,sans-serif;\"><span style=\"font-size: small;\"><strong> de<\/strong> : Th\u00e9r\u00e8se Andr\u00e9-Abdelaziz,\u00a0Fr\u00e9d\u00e9ric Barbe,\u00a0Sylvie Beauget,\u00a0Fran\u00e7ois B\u00e9chu,\u00a0L\u00e9o Bossavit,\u00a0Delphine Bretesch\u00e9,\u00a0Bernard Bretonni\u00e8re,\u00a0Bertrand Chauveau,\u00a0Ronan Cheviller,\u00a0Jean-Michel Laurence,\u00a0Claude Legoeuil,\u00a0C\u00e9line Lemari\u00e9,\u00a0Laurent Maindon,\u00a0Henri Mariel,\u00a0\u00c9ric Pessan,\u00a0Bertrand Pineau,\u00a0Sylvain Renard,\u00a0Jean Thovey,\u00a0Fran\u00e7oise Thyrion,\u00a0Marcel Zang &amp; Diana Vivarelli.<\/span><\/span><\/span> <\/span><\/span><\/p>\n<p style=\"text-align: justify;\">Vingt-et-un auteurs de th\u00e9\u00e2tre s&#8217;emparent des th\u00e8mes de l&rsquo;anticipation (robot, conqu\u00eate spatiale, drone, fin du monde, immortalit\u00e9, &#8230;) et donnent leurs visions du futur.<\/p>\n<p style=\"text-align: justify;\">Po\u00e9tiques, comiques, politiques ou romantiques, ces vingt-et-une nouvelles th\u00e9\u00e2trales jouent avec les codes de la science-fiction.<\/p>\n<p style=\"text-align: justify;\">Ind\u00e9pendantes les unes des autres, elles permettront \u00e0 chacun de composer son propre \u00ab\u00a0Cabaret du Futur\u00a0\u00bb.<\/p>\n<p>Des textes dialogu\u00e9s \u00e0 lire, \u00e0 dire et \u00e0 jouer&#8230;<\/p>\n<p>&nbsp;<\/p>\n<p><a href=\"https:\/\/eatatlantique.fr\/wp-content\/uploads\/2015\/04\/image-sf-cabaret-du-futur.jpg\"><img loading=\"lazy\" decoding=\"async\" class=\" size-medium wp-image-234 aligncenter\" src=\"https:\/\/eatatlantique.fr\/wp-content\/uploads\/2015\/04\/image-sf-cabaret-du-futur-300x193.jpg\" alt=\"image-sf-cabaret-du-futur\" width=\"300\" height=\"193\" srcset=\"https:\/\/eatatlantique.fr\/wp-content\/uploads\/2015\/04\/image-sf-cabaret-du-futur-300x193.jpg 300w, https:\/\/eatatlantique.fr\/wp-content\/uploads\/2015\/04\/image-sf-cabaret-du-futur.jpg 391w\" sizes=\"auto, (max-width: 300px) 100vw, 300px\" \/><\/a><\/p>\n<p>&nbsp;<\/p>\n<h6><strong>L&rsquo;agenda des temps forts qui accompagnent la sortie du livre :<\/strong><\/h6>\n<p>[Programme en cours !]<\/p>\n<ul>\n<li style=\"text-align: justify;\"><strong>Samedi 12 septembre 2015 :<\/strong> Festival <em>Le Chez Nous Marquant<\/em>, Th\u00e9\u00e2tre de L&rsquo;\u00e9chapp\u00e9e, par Fran\u00e7ois B\u00e9chu \u00e0 Laval.<\/li>\n<li style=\"text-align: justify;\"><strong>Dimanche 20 septembre 2015<\/strong> : Lecture \u00e0 Noirmoutier, coordonn\u00e9e par J.M. Laurence, dans le cadre de la manifestation <em>\u00c9clats d&rsquo;environnements<\/em>, par la compagnie <em>L&rsquo;Instant avant l&rsquo;aube<\/em> de Pascal Arbeille.<\/li>\n<li style=\"text-align: justify;\"><strong>Mardi 6 octobre 2015<\/strong> : Librairie <em>La vie devant soi<\/em> \u00e0 Nantes.<\/li>\n<li style=\"text-align: justify;\"><strong>Jeudi 8 octobre 2015<\/strong> : <em>Pluie de d\u00e9dicaces \u00e0 Vasse&#8230;<\/em> D\u00e9dicaces des auteurs, salle Vasse, Nantes.<\/li>\n<li style=\"text-align: justify;\"><strong>Mardi 13 octobre 2015<\/strong> : Lecture de 12 sc\u00e8nes mises en voix par Victorien Robert au Th\u00e9\u00e2tre 13 \u00e0 Paris, sur invitation des eat Paris .<\/li>\n<li style=\"text-align: justify;\"><strong>Entre le 28 octobre et le 2 novembre 2015<\/strong> : Table ronde anim\u00e9e par Patrick Gyger lors des <em>Utopiales<\/em>, Festival international de science-fiction, Nantes.<\/li>\n<li style=\"text-align: justify;\"><strong>Vendredi 6 novembre 2015<\/strong> : Librairie <em>Odyss\u00e9e<\/em> \u00e0 Vallet, avec Sylvie Beauget, Bernard Bretonni\u00e8re et Sylvain Renard.<\/li>\n<li style=\"text-align: justify;\"><strong>D\u00e9cembre 2015<\/strong> : <em>Question de Th\u00e9\u00e2tre<\/em> \u00e0 la Maison des Auteurs, SACD, Paris.<\/li>\n<li style=\"text-align: justify;\"><strong>Jeudi 28 avril 2016<\/strong> : <em>L&rsquo;invasion futuriste<\/em>, salle Vasse, Nantes.<\/li>\n<\/ul>\n<p>&nbsp;<\/p>\n<p><a href=\"https:\/\/eatatlantique.fr\/wp-content\/uploads\/2015\/04\/image-robot-cabaret-futur.jpg\"><img loading=\"lazy\" decoding=\"async\" class=\" size-full wp-image-235 aligncenter\" src=\"https:\/\/eatatlantique.fr\/wp-content\/uploads\/2015\/04\/image-robot-cabaret-futur.jpg\" alt=\"image-robot-cabaret-futur\" width=\"156\" height=\"173\" \/><\/a><\/p>\n<p style=\"text-align: justify;\"><em><strong>Commandez d\u00e8s \u00e0 pr\u00e9sent l\u2019ouvrage gr\u00e2ce au coupon ci- joint :<br \/>\n<\/strong><\/em><\/p>\n<p><a href=\"https:\/\/eatatlantique.fr\/wp-content\/uploads\/2015\/04\/CABARET-DU-FUTUR-COUPON-DE-SOUSCRIPTION.pdf\">CABARET DU FUTUR &#8211; COUPON DE SOUSCRIPTION<\/a><\/p>\n<p><strong>Appel \u00e0 souscription :<\/strong> 14 \u20ac l&rsquo;exemplaire (prix libraire avec les frais d&rsquo;envois compris).<\/p>\n<p style=\"text-align: justify;\"><em><strong>N\u2019h\u00e9sitez pas \u00e0 diffuser ce coupon aupr\u00e8s de ceux &#8211; celles, qui pourraient \u00eatre int\u00e9ress\u00e9-e-s !<\/strong><\/em><\/p>\n","protected":false},"excerpt":{"rendered":"<p>\u00a9 FLORENCE CHAMBOURNIER Color Gang \u00e9dition, septembre 2015 21 auteurs de th\u00e9\u00e2tre sur la plan\u00e8te SF Projet port\u00e9 &amp; coordonn\u00e9 par Sylvain Renard Pr\u00e9face de Patrick Gyger avec le soutien des EAT Atlantique 21 nouvelles th\u00e9\u00e2trales de : Th\u00e9r\u00e8se Andr\u00e9-Abdelaziz,\u00a0Fr\u00e9d\u00e9ric Barbe,\u00a0Sylvie Beauget,\u00a0Fran\u00e7ois B\u00e9chu,\u00a0L\u00e9o Bossavit,\u00a0Delphine Bretesch\u00e9,\u00a0Bernard Bretonni\u00e8re,\u00a0Bertrand Chauveau,\u00a0Ronan Cheviller,\u00a0Jean-Michel Laurence,\u00a0Claude Legoeuil,\u00a0C\u00e9line Lemari\u00e9,\u00a0Laurent Maindon,\u00a0Henri Mariel,\u00a0\u00c9ric Pessan,\u00a0Bertrand Pineau,\u00a0Sylvain&hellip; <\/p>\n<p class=\"toivo-read-more\"><a href=\"https:\/\/eatatlantique.fr\/?page_id=15\" class=\"more-link\">Lire la suite <span class=\"screen-reader-text\">Cabaret du futur<\/span><\/a><\/p>\n","protected":false},"author":1,"featured_media":0,"parent":0,"menu_order":0,"comment_status":"closed","ping_status":"closed","template":"","meta":{"footnotes":""},"class_list":{"0":"post-15","1":"page","2":"type-page","3":"status-publish","5":"entry"},"_links":{"self":[{"href":"https:\/\/eatatlantique.fr\/index.php?rest_route=\/wp\/v2\/pages\/15","targetHints":{"allow":["GET"]}}],"collection":[{"href":"https:\/\/eatatlantique.fr\/index.php?rest_route=\/wp\/v2\/pages"}],"about":[{"href":"https:\/\/eatatlantique.fr\/index.php?rest_route=\/wp\/v2\/types\/page"}],"author":[{"embeddable":true,"href":"https:\/\/eatatlantique.fr\/index.php?rest_route=\/wp\/v2\/users\/1"}],"replies":[{"embeddable":true,"href":"https:\/\/eatatlantique.fr\/index.php?rest_route=%2Fwp%2Fv2%2Fcomments&post=15"}],"version-history":[{"count":27,"href":"https:\/\/eatatlantique.fr\/index.php?rest_route=\/wp\/v2\/pages\/15\/revisions"}],"predecessor-version":[{"id":408,"href":"https:\/\/eatatlantique.fr\/index.php?rest_route=\/wp\/v2\/pages\/15\/revisions\/408"}],"wp:attachment":[{"href":"https:\/\/eatatlantique.fr\/index.php?rest_route=%2Fwp%2Fv2%2Fmedia&parent=15"}],"curies":[{"name":"wp","href":"https:\/\/api.w.org\/{rel}","templated":true}]}}