{"id":593,"date":"2019-03-12T11:53:26","date_gmt":"2019-03-12T10:53:26","guid":{"rendered":"http:\/\/eatatlantique.fr\/?page_id=593"},"modified":"2019-03-12T11:53:26","modified_gmt":"2019-03-12T10:53:26","slug":"eat-atlantique-2017-18","status":"publish","type":"page","link":"https:\/\/eatatlantique.fr\/?page_id=593","title":{"rendered":"Eat atlantique | 2017-18"},"content":{"rendered":"<ul>\n<li><span style=\"color: #993366;\"><strong>Ateliers d\u2019\u00e9criture Th\u00e9\u00e2trale 2017 \/ 2018<\/strong><\/span><\/li>\n<\/ul>\n<p><strong>Ronan Cheviller\/Lyc\u00e9e Toutes-Aides \u00e0 Nantes : <\/strong><em>Des fiches dialogu\u00e9es de travail<\/em><\/p>\n<p><strong>C\u00e9cile Thiercelin\/Coll\u00e8ge Georges Cl\u00e9menceau\u00a0 aux Essarts: <\/strong><em>La ville<\/em><\/p>\n<p><strong>Yto Legout\/ Lyc\u00e9e St Stanislas \u00e0 Nantes\u00a0<\/strong>: <em>C<\/em><em>atharsis<\/em><\/p>\n<p><strong>Sylvie Beauget\/Coll\u00e8ge Pierre Ab\u00e9lard \u00e0 Vallet\u00a0: <\/strong><em>\u00c9vadez-vous\u00a0!<\/em><\/p>\n<p>&nbsp;<\/p>\n<ul>\n<li><a href=\"https:\/\/eatatlantique.fr\/?page_id=475\"><strong>Un monde sans th\u00e9\u00e2tre<a href=\"https:\/\/eatatlantique.fr\/?page_id=475\"><img loading=\"lazy\" decoding=\"async\" class=\"aligncenter wp-image-546 size-thumbnail\" src=\"https:\/\/eatatlantique.fr\/wp-content\/uploads\/2018\/11\/Affiche-150x150.jpg\" alt=\"\" width=\"150\" height=\"150\" srcset=\"https:\/\/eatatlantique.fr\/wp-content\/uploads\/2018\/11\/Affiche-150x150.jpg 150w, https:\/\/eatatlantique.fr\/wp-content\/uploads\/2018\/11\/Affiche-300x300.jpg 300w, https:\/\/eatatlantique.fr\/wp-content\/uploads\/2018\/11\/Affiche-140x140.jpg 140w\" sizes=\"auto, (max-width: 150px) 100vw, 150px\" \/><\/a><\/strong><\/a><\/li>\n<\/ul>\n","protected":false},"excerpt":{"rendered":"<p>Ateliers d\u2019\u00e9criture Th\u00e9\u00e2trale 2017 \/ 2018 Ronan Cheviller\/Lyc\u00e9e Toutes-Aides \u00e0 Nantes : Des fiches dialogu\u00e9es de travail C\u00e9cile Thiercelin\/Coll\u00e8ge Georges Cl\u00e9menceau\u00a0 aux Essarts: La ville Yto Legout\/ Lyc\u00e9e St Stanislas \u00e0 Nantes\u00a0: Catharsis Sylvie Beauget\/Coll\u00e8ge Pierre Ab\u00e9lard \u00e0 Vallet\u00a0: \u00c9vadez-vous\u00a0! &nbsp; Un monde sans th\u00e9\u00e2tre<\/p>\n","protected":false},"author":1,"featured_media":0,"parent":0,"menu_order":0,"comment_status":"closed","ping_status":"closed","template":"","meta":{"footnotes":""},"class_list":{"0":"post-593","1":"page","2":"type-page","3":"status-publish","5":"entry"},"_links":{"self":[{"href":"https:\/\/eatatlantique.fr\/index.php?rest_route=\/wp\/v2\/pages\/593","targetHints":{"allow":["GET"]}}],"collection":[{"href":"https:\/\/eatatlantique.fr\/index.php?rest_route=\/wp\/v2\/pages"}],"about":[{"href":"https:\/\/eatatlantique.fr\/index.php?rest_route=\/wp\/v2\/types\/page"}],"author":[{"embeddable":true,"href":"https:\/\/eatatlantique.fr\/index.php?rest_route=\/wp\/v2\/users\/1"}],"replies":[{"embeddable":true,"href":"https:\/\/eatatlantique.fr\/index.php?rest_route=%2Fwp%2Fv2%2Fcomments&post=593"}],"version-history":[{"count":1,"href":"https:\/\/eatatlantique.fr\/index.php?rest_route=\/wp\/v2\/pages\/593\/revisions"}],"predecessor-version":[{"id":594,"href":"https:\/\/eatatlantique.fr\/index.php?rest_route=\/wp\/v2\/pages\/593\/revisions\/594"}],"wp:attachment":[{"href":"https:\/\/eatatlantique.fr\/index.php?rest_route=%2Fwp%2Fv2%2Fmedia&parent=593"}],"curies":[{"name":"wp","href":"https:\/\/api.w.org\/{rel}","templated":true}]}}

<ul>
<li><span style="color: #993366;"><strong>Ateliers d’écriture Théâtrale 2017 / 2018</strong></span></li>
</ul>
<p><strong>Ronan Cheviller/Lycée Toutes-Aides à Nantes : </strong><em>Des fiches dialoguées de travail</em></p>
<p><strong>Cécile Thiercelin/Collège Georges Clémenceau  aux Essarts: </strong><em>La ville</em></p>
<p><strong>Yto Legout/ Lycée St Stanislas à Nantes </strong>: <em>C</em><em>atharsis</em></p>
<p><strong>Sylvie Beauget/Collège Pierre Abélard à Vallet : </strong><em>Évadez-vous !</em></p>
<p>&nbsp;</p>
<ul>
<li><a href="https://eatatlantique.fr/?page_id=475"><strong>Un monde sans théâtre<a href="https://eatatlantique.fr/?page_id=475"><img loading="lazy" decoding="async" class="aligncenter wp-image-546 size-thumbnail" src="https://eatatlantique.fr/wp-content/uploads/2018/11/Affiche-150x150.jpg" alt="" width="150" height="150" srcset="https://eatatlantique.fr/wp-content/uploads/2018/11/Affiche-150x150.jpg 150w, https://eatatlantique.fr/wp-content/uploads/2018/11/Affiche-300x300.jpg 300w, https://eatatlantique.fr/wp-content/uploads/2018/11/Affiche-140x140.jpg 140w" sizes="auto, (max-width: 150px) 100vw, 150px" /></a></strong></a></li>
</ul>

<p>Ateliers d’écriture Théâtrale 2017 / 2018 Ronan Cheviller/Lycée Toutes-Aides à Nantes : Des fiches dialoguées de travail Cécile Thiercelin/Collège Georges Clémenceau  aux Essarts: La ville Yto Legout/ Lycée St Stanislas à Nantes : Catharsis Sylvie Beauget/Collège Pierre Abélard à Vallet : Évadez-vous ! &nbsp; Un monde sans théâtre</p>
