{"id":967,"date":"2023-10-09T10:53:47","date_gmt":"2023-10-09T08:53:47","guid":{"rendered":"http:\/\/eatatlantique.fr\/?page_id=967"},"modified":"2024-04-25T11:29:14","modified_gmt":"2024-04-25T09:29:14","slug":"textes-amorce-s-theatre-f-vasse-saison-2023-2024","status":"publish","type":"page","link":"https:\/\/eatatlantique.fr\/?page_id=967","title":{"rendered":"Textes Amorce.s \u2013 Th\u00e9\u00e2tre F. Vasse (saison 2023-2024)"},"content":{"rendered":"\n<p><strong><mark style=\"background-color:#fcb900\" class=\"has-inline-color\">Avec les auteur.e.s \u00a0EAT<\/mark><\/strong>\u00a0: Johann Corbard &#8211; Ronan Cheviller &#8211; Amandine Le Floch &#8211; L\u00e9o Bossavit &#8211; C\u00e9line Lemari\u00e9 &#8211; Delphine Sterne &#8211; Kamal Rawas &#8211; Yto Legout<\/p>\n\n\n\n<h4 class=\"wp-block-heading has-text-align-center\">Soir\u00e9e  MAISON DE PAS(SE) : 7 octobre 2023<\/h4>\n\n\n\n<div data-wp-interactive=\"core\/file\" class=\"wp-block-file\"><object data-wp-bind--hidden=\"!state.hasPdfPreview\" hidden class=\"wp-block-file__embed\" data=\"https:\/\/eatatlantique.fr\/wp-content\/uploads\/2023\/10\/KEVINAMORCES-Kevin-Ronan-Cheviller.pdf\" type=\"application\/pdf\" style=\"width:100%;height:240px\" aria-label=\"Contenu embarqu\u00e9 KEVINAMORCES-Kevin-Ronan-Cheviller.\"><\/object><a id=\"wp-block-file--media-3f81ff84-b3a2-41db-abe4-2c569d9f2ac1\" href=\"https:\/\/eatatlantique.fr\/wp-content\/uploads\/2023\/10\/KEVINAMORCES-Kevin-Ronan-Cheviller.pdf\">KEVINAMORCES-Kevin-Ronan-Cheviller<\/a><a href=\"https:\/\/eatatlantique.fr\/wp-content\/uploads\/2023\/10\/KEVINAMORCES-Kevin-Ronan-Cheviller.pdf\" class=\"wp-block-file__button wp-element-button\" download aria-describedby=\"wp-block-file--media-3f81ff84-b3a2-41db-abe4-2c569d9f2ac1\">T\u00e9l\u00e9charger<\/a><\/div>\n\n\n\n<div data-wp-interactive=\"core\/file\" class=\"wp-block-file\"><object data-wp-bind--hidden=\"!state.hasPdfPreview\" hidden class=\"wp-block-file__embed\" data=\"https:\/\/eatatlantique.fr\/wp-content\/uploads\/2023\/10\/LA-BONNE-FEE-Manon-Johann-Corbard.pdf\" type=\"application\/pdf\" style=\"width:100%;height:200px\" aria-label=\"Contenu embarqu\u00e9 LA-BONNE-FEE-Manon-Johann-Corbard.\"><\/object><a id=\"wp-block-file--media-63dbc97c-03a5-4678-ac61-3d17d776468d\" href=\"https:\/\/eatatlantique.fr\/wp-content\/uploads\/2023\/10\/LA-BONNE-FEE-Manon-Johann-Corbard.pdf\">LA-BONNE-FEE-Manon-Johann-Corbard<\/a><a href=\"https:\/\/eatatlantique.fr\/wp-content\/uploads\/2023\/10\/LA-BONNE-FEE-Manon-Johann-Corbard.pdf\" class=\"wp-block-file__button wp-element-button\" download aria-describedby=\"wp-block-file--media-63dbc97c-03a5-4678-ac61-3d17d776468d\">T\u00e9l\u00e9charger<\/a><\/div>\n\n\n\n<h4 class=\"wp-block-heading has-text-align-center\">Soir\u00e9e  SORTIE DE ROUTE &#8211; La Fid\u00e8le Id\u00e9e (th\u00e9\u00e2tre) : 12 octobre 2023<\/h4>\n\n\n\n<div data-wp-interactive=\"core\/file\" class=\"wp-block-file\"><object data-wp-bind--hidden=\"!state.hasPdfPreview\" hidden class=\"wp-block-file__embed\" data=\"https:\/\/eatatlantique.fr\/wp-content\/uploads\/2023\/11\/Et-nos-yeux-grands-ouverts-Amandine-Le-Floch.pdf\" type=\"application\/pdf\" style=\"width:100%;height:200px\" aria-label=\"Contenu embarqu\u00e9 Et-nos-yeux-grands-ouverts-Amandine-Le-Floch.\"><\/object><a id=\"wp-block-file--media-415a5a03-0a86-475d-8ef9-f320cbefe260\" href=\"https:\/\/eatatlantique.fr\/wp-content\/uploads\/2023\/11\/Et-nos-yeux-grands-ouverts-Amandine-Le-Floch.pdf\">Et-nos-yeux-grands-ouverts-Amandine-Le-Floch<\/a><a href=\"https:\/\/eatatlantique.fr\/wp-content\/uploads\/2023\/11\/Et-nos-yeux-grands-ouverts-Amandine-Le-Floch.pdf\" class=\"wp-block-file__button wp-element-button\" download aria-describedby=\"wp-block-file--media-415a5a03-0a86-475d-8ef9-f320cbefe260\">T\u00e9l\u00e9charger<\/a><\/div>\n\n\n\n<h4 class=\"wp-block-heading has-text-align-center\">Festival LE GRAND HUIT &#8211; Honolulu (danse) : 2 d\u00e9cembre 2023<\/h4>\n\n\n\n<div data-wp-interactive=\"core\/file\" class=\"wp-block-file\"><object data-wp-bind--hidden=\"!state.hasPdfPreview\" hidden class=\"wp-block-file__embed\" data=\"https:\/\/eatatlantique.fr\/wp-content\/uploads\/2023\/12\/AMORCE-Celine-Lemarie-Theatre-Francine-Vasse-2-decembre-2023.pdf\" type=\"application\/pdf\" style=\"width:100%;height:200px\" aria-label=\"Contenu embarqu\u00e9 IMAGINE-Celine-Lemari\u00e9.\"><\/object><a id=\"wp-block-file--media-51af9a99-8f2d-48e3-a051-92b9c39a4438\" href=\"https:\/\/eatatlantique.fr\/wp-content\/uploads\/2023\/12\/AMORCE-Celine-Lemarie-Theatre-Francine-Vasse-2-decembre-2023.pdf\">IMAGINE-Celine-Lemari\u00e9<\/a><a href=\"https:\/\/eatatlantique.fr\/wp-content\/uploads\/2023\/12\/AMORCE-Celine-Lemarie-Theatre-Francine-Vasse-2-decembre-2023.pdf\" class=\"wp-block-file__button wp-element-button\" download aria-describedby=\"wp-block-file--media-51af9a99-8f2d-48e3-a051-92b9c39a4438\">T\u00e9l\u00e9charger<\/a><\/div>\n\n\n\n<div data-wp-interactive=\"core\/file\" class=\"wp-block-file\"><object data-wp-bind--hidden=\"!state.hasPdfPreview\" hidden class=\"wp-block-file__embed\" data=\"https:\/\/eatatlantique.fr\/wp-content\/uploads\/2023\/12\/Force-Mineure.pdf\" type=\"application\/pdf\" style=\"width:100%;height:200px\" aria-label=\"Contenu embarqu\u00e9 Force-Mineure - Delphine Sterne.\"><\/object><a id=\"wp-block-file--media-7e7c15bb-f605-4799-b8f5-9d36cb7ce621\" href=\"https:\/\/eatatlantique.fr\/wp-content\/uploads\/2023\/12\/Force-Mineure.pdf\">Force-Mineure &#8211; Delphine Sterne<\/a><a href=\"https:\/\/eatatlantique.fr\/wp-content\/uploads\/2023\/12\/Force-Mineure.pdf\" class=\"wp-block-file__button wp-element-button\" download aria-describedby=\"wp-block-file--media-7e7c15bb-f605-4799-b8f5-9d36cb7ce621\">T\u00e9l\u00e9charger<\/a><\/div>\n\n\n\n<h4 class=\"wp-block-heading has-text-align-center\">Restitution \u00catres en cr\u00e9ation &#8211; H\u00e9la Fattoumi et \u00c9ric Lamoureux \/ CCN DE BELFORT (danse) : 8 d\u00e9cembre 2023<\/h4>\n\n\n\n<div data-wp-interactive=\"core\/file\" class=\"wp-block-file\"><object data-wp-bind--hidden=\"!state.hasPdfPreview\" hidden class=\"wp-block-file__embed\" data=\"https:\/\/eatatlantique.fr\/wp-content\/uploads\/2023\/12\/Un-Pas-de-cote-de-Kamal-Rawas-Amorces.pdf\" type=\"application\/pdf\" style=\"width:100%;height:200px\" aria-label=\"Contenu embarqu\u00e9 Un-Pas-de-cote-de-Kamal-Rawas-Amorces.\"><\/object><a id=\"wp-block-file--media-61419b0d-1af4-4218-8ad1-b3ce92173c26\" href=\"https:\/\/eatatlantique.fr\/wp-content\/uploads\/2023\/12\/Un-Pas-de-cote-de-Kamal-Rawas-Amorces.pdf\">Un-Pas-de-cote-de-Kamal-Rawas-Amorces<\/a><a href=\"https:\/\/eatatlantique.fr\/wp-content\/uploads\/2023\/12\/Un-Pas-de-cote-de-Kamal-Rawas-Amorces.pdf\" class=\"wp-block-file__button wp-element-button\" download aria-describedby=\"wp-block-file--media-61419b0d-1af4-4218-8ad1-b3ce92173c26\">T\u00e9l\u00e9charger<\/a><\/div>\n\n\n\n<h4 class=\"wp-block-heading has-text-align-center\">Une passion d\u00e9voil\u00e9e &#8211; Claude Brumachon et Benjamin Lamarche \/ Compagnie Sous la peau (danse) : 10 f\u00e9vrier 2024<\/h4>\n\n\n\n<div data-wp-interactive=\"core\/file\" class=\"wp-block-file\"><object data-wp-bind--hidden=\"!state.hasPdfPreview\" hidden class=\"wp-block-file__embed\" data=\"https:\/\/eatatlantique.fr\/wp-content\/uploads\/2024\/02\/AMORCE-Johann-Corbard-Katee-Theatre-Francine-Vasse-10-fevrier-2024.pdf\" type=\"application\/pdf\" style=\"width:100%;height:200px\" aria-label=\"Contenu embarqu\u00e9 AMORCE-Johann-Corbard-Katee-Theatre-Francine-Vasse-10-fevrier-2024.\"><\/object><a id=\"wp-block-file--media-a68f442d-4275-43b8-bc70-8f9a6748ceeb\" href=\"https:\/\/eatatlantique.fr\/wp-content\/uploads\/2024\/02\/AMORCE-Johann-Corbard-Katee-Theatre-Francine-Vasse-10-fevrier-2024.pdf\">AMORCE-Johann-Corbard-Katee-Theatre-Francine-Vasse-10-fevrier-2024<\/a><a href=\"https:\/\/eatatlantique.fr\/wp-content\/uploads\/2024\/02\/AMORCE-Johann-Corbard-Katee-Theatre-Francine-Vasse-10-fevrier-2024.pdf\" class=\"wp-block-file__button wp-element-button\" download aria-describedby=\"wp-block-file--media-a68f442d-4275-43b8-bc70-8f9a6748ceeb\">T\u00e9l\u00e9charger<\/a><\/div>\n\n\n\n<div data-wp-interactive=\"core\/file\" class=\"wp-block-file\"><object data-wp-bind--hidden=\"!state.hasPdfPreview\" hidden class=\"wp-block-file__embed\" data=\"https:\/\/eatatlantique.fr\/wp-content\/uploads\/2024\/02\/24.2.10-YANN-AMORCE-VASSE.pdf\" type=\"application\/pdf\" style=\"width:100%;height:200px\" aria-label=\"Contenu embarqu\u00e9 24.2.10-YANN-AMORCE-VASSE.\"><\/object><a id=\"wp-block-file--media-df878efc-05a8-43c2-b668-57975174457d\" href=\"https:\/\/eatatlantique.fr\/wp-content\/uploads\/2024\/02\/24.2.10-YANN-AMORCE-VASSE.pdf\">24.2.10-YANN-AMORCE-VASSE<\/a><a href=\"https:\/\/eatatlantique.fr\/wp-content\/uploads\/2024\/02\/24.2.10-YANN-AMORCE-VASSE.pdf\" class=\"wp-block-file__button wp-element-button\" download aria-describedby=\"wp-block-file--media-df878efc-05a8-43c2-b668-57975174457d\">T\u00e9l\u00e9charger<\/a><\/div>\n\n\n\n<h4 class=\"wp-block-heading has-text-align-center\">Maison de pas(se) #2 &#8211; Restitution \u00ab\u00a0Partition\u00a0\u00bb | Les Archipels+Distro | Cie C&rsquo;hoari &#8211; 12 avril 2024<\/h4>\n\n\n\n<div data-wp-interactive=\"core\/file\" class=\"wp-block-file\"><object data-wp-bind--hidden=\"!state.hasPdfPreview\" hidden class=\"wp-block-file__embed\" data=\"https:\/\/eatatlantique.fr\/wp-content\/uploads\/2024\/04\/texte-Yto-amorces-Vasse-12-avril.pdf\" type=\"application\/pdf\" style=\"width:100%;height:200px\" aria-label=\"Contenu embarqu\u00e9 texte-Yto-amorces-Vasse-12-avril.\"><\/object><a id=\"wp-block-file--media-fcf49970-04db-4f5a-92c7-de5275567671\" href=\"https:\/\/eatatlantique.fr\/wp-content\/uploads\/2024\/04\/texte-Yto-amorces-Vasse-12-avril.pdf\">texte-Yto-amorces-Vasse-12-avril<\/a><a href=\"https:\/\/eatatlantique.fr\/wp-content\/uploads\/2024\/04\/texte-Yto-amorces-Vasse-12-avril.pdf\" class=\"wp-block-file__button wp-element-button\" download aria-describedby=\"wp-block-file--media-fcf49970-04db-4f5a-92c7-de5275567671\">T\u00e9l\u00e9charger<\/a><\/div>\n","protected":false},"excerpt":{"rendered":"<p>Avec les auteur.e.s \u00a0EAT\u00a0: Johann Corbard &#8211; Ronan Cheviller &#8211; Amandine Le Floch &#8211; L\u00e9o Bossavit &#8211; C\u00e9line Lemari\u00e9 &#8211; Delphine Sterne &#8211; Kamal Rawas &#8211; Yto Legout Soir\u00e9e MAISON DE PAS(SE) : 7 octobre 2023 Soir\u00e9e SORTIE DE ROUTE &#8211; La Fid\u00e8le Id\u00e9e (th\u00e9\u00e2tre) : 12 octobre 2023 Festival LE GRAND HUIT &#8211; Honolulu&hellip; <\/p>\n<p class=\"toivo-read-more\"><a href=\"https:\/\/eatatlantique.fr\/?page_id=967\" class=\"more-link\">Lire la suite <span class=\"screen-reader-text\">Textes Amorce.s \u2013 Th\u00e9\u00e2tre F. Vasse (saison 2023-2024)<\/span><\/a><\/p>\n","protected":false},"author":1,"featured_media":0,"parent":0,"menu_order":0,"comment_status":"closed","ping_status":"closed","template":"","meta":{"footnotes":""},"class_list":{"0":"post-967","1":"page","2":"type-page","3":"status-publish","5":"entry"},"_links":{"self":[{"href":"https:\/\/eatatlantique.fr\/index.php?rest_route=\/wp\/v2\/pages\/967","targetHints":{"allow":["GET"]}}],"collection":[{"href":"https:\/\/eatatlantique.fr\/index.php?rest_route=\/wp\/v2\/pages"}],"about":[{"href":"https:\/\/eatatlantique.fr\/index.php?rest_route=\/wp\/v2\/types\/page"}],"author":[{"embeddable":true,"href":"https:\/\/eatatlantique.fr\/index.php?rest_route=\/wp\/v2\/users\/1"}],"replies":[{"embeddable":true,"href":"https:\/\/eatatlantique.fr\/index.php?rest_route=%2Fwp%2Fv2%2Fcomments&post=967"}],"version-history":[{"count":10,"href":"https:\/\/eatatlantique.fr\/index.php?rest_route=\/wp\/v2\/pages\/967\/revisions"}],"predecessor-version":[{"id":1024,"href":"https:\/\/eatatlantique.fr\/index.php?rest_route=\/wp\/v2\/pages\/967\/revisions\/1024"}],"wp:attachment":[{"href":"https:\/\/eatatlantique.fr\/index.php?rest_route=%2Fwp%2Fv2%2Fmedia&parent=967"}],"curies":[{"name":"wp","href":"https:\/\/api.w.org\/{rel}","templated":true}]}}

Textes Amorce.s – Théâtre F. Vasse (saison 2023-2024)

<p><strong><mark style="background-color:#fcb900" class="has-inline-color">Avec les auteur.e.s  EAT</mark></strong> : Johann Corbard &#8211; Ronan Cheviller &#8211; Amandine Le Floch &#8211; Léo Bossavit &#8211; Céline Lemarié &#8211; Delphine Sterne &#8211; Kamal Rawas &#8211; Yto Legout</p>



<h4 class="wp-block-heading has-text-align-center">Soirée  MAISON DE PAS(SE) : 7 octobre 2023</h4>



<div data-wp-interactive="core/file" class="wp-block-file"><object data-wp-bind--hidden="!state.hasPdfPreview" hidden class="wp-block-file__embed" data="https://eatatlantique.fr/wp-content/uploads/2023/10/KEVINAMORCES-Kevin-Ronan-Cheviller.pdf" type="application/pdf" style="width:100%;height:240px" aria-label="Contenu embarqué KEVINAMORCES-Kevin-Ronan-Cheviller."></object><a id="wp-block-file--media-3f81ff84-b3a2-41db-abe4-2c569d9f2ac1" href="https://eatatlantique.fr/wp-content/uploads/2023/10/KEVINAMORCES-Kevin-Ronan-Cheviller.pdf">KEVINAMORCES-Kevin-Ronan-Cheviller</a><a href="https://eatatlantique.fr/wp-content/uploads/2023/10/KEVINAMORCES-Kevin-Ronan-Cheviller.pdf" class="wp-block-file__button wp-element-button" download aria-describedby="wp-block-file--media-3f81ff84-b3a2-41db-abe4-2c569d9f2ac1">Télécharger</a></div>



<div data-wp-interactive="core/file" class="wp-block-file"><object data-wp-bind--hidden="!state.hasPdfPreview" hidden class="wp-block-file__embed" data="https://eatatlantique.fr/wp-content/uploads/2023/10/LA-BONNE-FEE-Manon-Johann-Corbard.pdf" type="application/pdf" style="width:100%;height:200px" aria-label="Contenu embarqué LA-BONNE-FEE-Manon-Johann-Corbard."></object><a id="wp-block-file--media-63dbc97c-03a5-4678-ac61-3d17d776468d" href="https://eatatlantique.fr/wp-content/uploads/2023/10/LA-BONNE-FEE-Manon-Johann-Corbard.pdf">LA-BONNE-FEE-Manon-Johann-Corbard</a><a href="https://eatatlantique.fr/wp-content/uploads/2023/10/LA-BONNE-FEE-Manon-Johann-Corbard.pdf" class="wp-block-file__button wp-element-button" download aria-describedby="wp-block-file--media-63dbc97c-03a5-4678-ac61-3d17d776468d">Télécharger</a></div>



<h4 class="wp-block-heading has-text-align-center">Soirée  SORTIE DE ROUTE &#8211; La Fidèle Idée (théâtre) : 12 octobre 2023</h4>



<div data-wp-interactive="core/file" class="wp-block-file"><object data-wp-bind--hidden="!state.hasPdfPreview" hidden class="wp-block-file__embed" data="https://eatatlantique.fr/wp-content/uploads/2023/11/Et-nos-yeux-grands-ouverts-Amandine-Le-Floch.pdf" type="application/pdf" style="width:100%;height:200px" aria-label="Contenu embarqué Et-nos-yeux-grands-ouverts-Amandine-Le-Floch."></object><a id="wp-block-file--media-415a5a03-0a86-475d-8ef9-f320cbefe260" href="https://eatatlantique.fr/wp-content/uploads/2023/11/Et-nos-yeux-grands-ouverts-Amandine-Le-Floch.pdf">Et-nos-yeux-grands-ouverts-Amandine-Le-Floch</a><a href="https://eatatlantique.fr/wp-content/uploads/2023/11/Et-nos-yeux-grands-ouverts-Amandine-Le-Floch.pdf" class="wp-block-file__button wp-element-button" download aria-describedby="wp-block-file--media-415a5a03-0a86-475d-8ef9-f320cbefe260">Télécharger</a></div>



<h4 class="wp-block-heading has-text-align-center">Festival LE GRAND HUIT &#8211; Honolulu (danse) : 2 décembre 2023</h4>



<div data-wp-interactive="core/file" class="wp-block-file"><object data-wp-bind--hidden="!state.hasPdfPreview" hidden class="wp-block-file__embed" data="https://eatatlantique.fr/wp-content/uploads/2023/12/AMORCE-Celine-Lemarie-Theatre-Francine-Vasse-2-decembre-2023.pdf" type="application/pdf" style="width:100%;height:200px" aria-label="Contenu embarqué IMAGINE-Celine-Lemarié."></object><a id="wp-block-file--media-51af9a99-8f2d-48e3-a051-92b9c39a4438" href="https://eatatlantique.fr/wp-content/uploads/2023/12/AMORCE-Celine-Lemarie-Theatre-Francine-Vasse-2-decembre-2023.pdf">IMAGINE-Celine-Lemarié</a><a href="https://eatatlantique.fr/wp-content/uploads/2023/12/AMORCE-Celine-Lemarie-Theatre-Francine-Vasse-2-decembre-2023.pdf" class="wp-block-file__button wp-element-button" download aria-describedby="wp-block-file--media-51af9a99-8f2d-48e3-a051-92b9c39a4438">Télécharger</a></div>



<div data-wp-interactive="core/file" class="wp-block-file"><object data-wp-bind--hidden="!state.hasPdfPreview" hidden class="wp-block-file__embed" data="https://eatatlantique.fr/wp-content/uploads/2023/12/Force-Mineure.pdf" type="application/pdf" style="width:100%;height:200px" aria-label="Contenu embarqué Force-Mineure - Delphine Sterne."></object><a id="wp-block-file--media-7e7c15bb-f605-4799-b8f5-9d36cb7ce621" href="https://eatatlantique.fr/wp-content/uploads/2023/12/Force-Mineure.pdf">Force-Mineure &#8211; Delphine Sterne</a><a href="https://eatatlantique.fr/wp-content/uploads/2023/12/Force-Mineure.pdf" class="wp-block-file__button wp-element-button" download aria-describedby="wp-block-file--media-7e7c15bb-f605-4799-b8f5-9d36cb7ce621">Télécharger</a></div>



<h4 class="wp-block-heading has-text-align-center">Restitution Êtres en création &#8211; Héla Fattoumi et Éric Lamoureux / CCN DE BELFORT (danse) : 8 décembre 2023</h4>



<div data-wp-interactive="core/file" class="wp-block-file"><object data-wp-bind--hidden="!state.hasPdfPreview" hidden class="wp-block-file__embed" data="https://eatatlantique.fr/wp-content/uploads/2023/12/Un-Pas-de-cote-de-Kamal-Rawas-Amorces.pdf" type="application/pdf" style="width:100%;height:200px" aria-label="Contenu embarqué Un-Pas-de-cote-de-Kamal-Rawas-Amorces."></object><a id="wp-block-file--media-61419b0d-1af4-4218-8ad1-b3ce92173c26" href="https://eatatlantique.fr/wp-content/uploads/2023/12/Un-Pas-de-cote-de-Kamal-Rawas-Amorces.pdf">Un-Pas-de-cote-de-Kamal-Rawas-Amorces</a><a href="https://eatatlantique.fr/wp-content/uploads/2023/12/Un-Pas-de-cote-de-Kamal-Rawas-Amorces.pdf" class="wp-block-file__button wp-element-button" download aria-describedby="wp-block-file--media-61419b0d-1af4-4218-8ad1-b3ce92173c26">Télécharger</a></div>



<h4 class="wp-block-heading has-text-align-center">Une passion dévoilée &#8211; Claude Brumachon et Benjamin Lamarche / Compagnie Sous la peau (danse) : 10 février 2024</h4>



<div data-wp-interactive="core/file" class="wp-block-file"><object data-wp-bind--hidden="!state.hasPdfPreview" hidden class="wp-block-file__embed" data="https://eatatlantique.fr/wp-content/uploads/2024/02/AMORCE-Johann-Corbard-Katee-Theatre-Francine-Vasse-10-fevrier-2024.pdf" type="application/pdf" style="width:100%;height:200px" aria-label="Contenu embarqué AMORCE-Johann-Corbard-Katee-Theatre-Francine-Vasse-10-fevrier-2024."></object><a id="wp-block-file--media-a68f442d-4275-43b8-bc70-8f9a6748ceeb" href="https://eatatlantique.fr/wp-content/uploads/2024/02/AMORCE-Johann-Corbard-Katee-Theatre-Francine-Vasse-10-fevrier-2024.pdf">AMORCE-Johann-Corbard-Katee-Theatre-Francine-Vasse-10-fevrier-2024</a><a href="https://eatatlantique.fr/wp-content/uploads/2024/02/AMORCE-Johann-Corbard-Katee-Theatre-Francine-Vasse-10-fevrier-2024.pdf" class="wp-block-file__button wp-element-button" download aria-describedby="wp-block-file--media-a68f442d-4275-43b8-bc70-8f9a6748ceeb">Télécharger</a></div>



<div data-wp-interactive="core/file" class="wp-block-file"><object data-wp-bind--hidden="!state.hasPdfPreview" hidden class="wp-block-file__embed" data="https://eatatlantique.fr/wp-content/uploads/2024/02/24.2.10-YANN-AMORCE-VASSE.pdf" type="application/pdf" style="width:100%;height:200px" aria-label="Contenu embarqué 24.2.10-YANN-AMORCE-VASSE."></object><a id="wp-block-file--media-df878efc-05a8-43c2-b668-57975174457d" href="https://eatatlantique.fr/wp-content/uploads/2024/02/24.2.10-YANN-AMORCE-VASSE.pdf">24.2.10-YANN-AMORCE-VASSE</a><a href="https://eatatlantique.fr/wp-content/uploads/2024/02/24.2.10-YANN-AMORCE-VASSE.pdf" class="wp-block-file__button wp-element-button" download aria-describedby="wp-block-file--media-df878efc-05a8-43c2-b668-57975174457d">Télécharger</a></div>



<h4 class="wp-block-heading has-text-align-center">Maison de pas(se) #2 &#8211; Restitution « Partition » | Les Archipels+Distro | Cie C&rsquo;hoari &#8211; 12 avril 2024</h4>



<div data-wp-interactive="core/file" class="wp-block-file"><object data-wp-bind--hidden="!state.hasPdfPreview" hidden class="wp-block-file__embed" data="https://eatatlantique.fr/wp-content/uploads/2024/04/texte-Yto-amorces-Vasse-12-avril.pdf" type="application/pdf" style="width:100%;height:200px" aria-label="Contenu embarqué texte-Yto-amorces-Vasse-12-avril."></object><a id="wp-block-file--media-fcf49970-04db-4f5a-92c7-de5275567671" href="https://eatatlantique.fr/wp-content/uploads/2024/04/texte-Yto-amorces-Vasse-12-avril.pdf">texte-Yto-amorces-Vasse-12-avril</a><a href="https://eatatlantique.fr/wp-content/uploads/2024/04/texte-Yto-amorces-Vasse-12-avril.pdf" class="wp-block-file__button wp-element-button" download aria-describedby="wp-block-file--media-fcf49970-04db-4f5a-92c7-de5275567671">Télécharger</a></div>

<p>Avec les auteur.e.s  EAT : Johann Corbard &#8211; Ronan Cheviller &#8211; Amandine Le Floch &#8211; Léo Bossavit &#8211; Céline Lemarié &#8211; Delphine Sterne &#8211; Kamal Rawas &#8211; Yto Legout Soirée MAISON DE PAS(SE) : 7 octobre 2023 Soirée SORTIE DE ROUTE &#8211; La Fidèle Idée (théâtre) : 12 octobre 2023 Festival LE GRAND HUIT &#8211; Honolulu&hellip; </p>
<p class="toivo-read-more"><a href="https://eatatlantique.fr/?page_id=967" class="more-link">Lire la suite <span class="screen-reader-text">Textes Amorce.s – Théâtre F. Vasse (saison 2023-2024)</span></a></p>
